) = 76*a - 444. What is l(3)?
-216
Let i(c) = c**3 + 43*c**2 + 71*c - 141. Calculate i(-41).
310
Let v(h) = 17*h + 2445. Calculate v(-144).
-3
Let c(k) = 34*k**2 + 1210*k + 1211. Determine c(-1).
35
Let r(z) = 2*z**3 + 5*z**2 - 6*z - 10. Give r(-2).
6
Let r(k) = -55*k + 22. Determine r(-4).
242
Let d(h) = h**3 - 3*h**2 + 93*h - 383. Calculate d(4).
5
Let q(h) = h**3 + 31*h**2 - 5*h + 74. Calculate q(-31).
229
Let m(b) = -7*b**2 + 153*b + 59. What is m(23)?
-125
Let l(u) = -62*u**2 - 246*u + 13. Determine l(-4).
5
Let v(o) = -177*o + 2633. Determine v(15).
-22
Let m(q) = q**2 + 93*q + 1419. Calculate m(-19).
13
Let z(g) = -g**3 - 7*g**2 + 15*g + 130. Determine z(-6).
4
Let z(v) = -v**3 + 30*v**2 - 57*v + 77. Determine z(28).
49
Let u(l) = -2*l + 16. Give u(6).
4
Let o(x) = 4*x**3 + 25*x**2 - 351*x - 2141. What is o(-6)?
1
Let g(a) = a**3 - 11*a**2 + 6*a + 41. Give g(10).
1
Let z(a) = -2*a**2 + 81*a - 237. Calculate z(38).
-47
Let k(z) = -1801*z**2 + 34221*z - 42. Calculate k(19).
-4
Let c(z) = 51*z - 52. What is c(-2)?
-154
Let a(x) = -x**3 - 46*x + 519. Determine a(0).
519
Let t(y) = y**2 - 56. What is t(-8)?
8
Let x(s) = 2*s**2 - 75*s + 706. Determine x(22).
24
Let b(q) = q**3 + 7*q**2 - 35*q + 5. Determine b(-10).
55
Let j(f) = -f**2 + 87*f - 1088. Calculate j(15).
-8
Let t(d) = d**2 + 122*d + 2930. Calculate t(-33).
-7
Let g(n) = 2*n**3 + 9*n**2 - 59*n + 92. Give g(2).
26
Let g(i) = 548*i - 16446. Give g(30).
-6
Let k(p) = -p**3 + 63*p**2 + 45*p + 1216. Calculate k(64).
0
Let m(k) = -10*k**2 - 28*k + 117. Determine m(5).
-273
Let z(p) = -3*p**2 - 640*p + 5084. Determine z(-221).
1
Let t(f) = -3*f**2 - 489*f - 1909. What is t(-159)?
-1
Let q(w) = 2*w**2 - 376*w - 6990. Give q(205).
-20
Let o(h) = -18*h**2 + 252*h + 11. Determine o(14).
11
Let w(g) = 82*g + 2169. Give w(-26).
37
Let v(n) = -2*n**3 - 43*n**2 + 20*n - 43. Determine v(-22).
1
Let k(j) = -26*j + 394. Calculate k(13).
56
Let k(u) = -12*u**2 + 6*u - 45. Calculate k(4).
-213
Let d(s) = -s**2 + 30*s + 11234. Give d(122).
10
Let o(q) = -17*q**2 + 318*q + 46. What is o(19)?
-49
Let j(k) = -14*k**2 - 334*k + 46. Determine j(-24).
-2
Let i(u) = -u**3 - 22*u**2 - u + 73. Calculate i(-22).
95
Let p(t) = -5*t**2 - 31*t - 36. What is p(-5)?
-6
Let c(q) = 12*q - 556. What is c(27)?
-232
Let o(f) = -69*f + 192. Give o(-4).
468
Let f(p) = -36*p**2 - 542*p - 21. Calculate f(-15).
9
Let h(c) = -c**2 - 13*c + 33. Calculate h(-15).
3
Let c(t) = t**3 + 23*t**2 - 33*t - 140. What is c(-25)?
-565
Let x(n) = 14*n**3 + 69*n**2 + 134*n + 1. Calculate x(-2).
-103
Let c(q) = 3*q**3 + 6*q**2 - 6*q - 13. Determine c(-4).
-85
Let y(v) = -16*v**3 - 6*v**2 - 14*v - 16. What is y(-2)?
116
Let f(g) = g**2 - g - 2849. Determine f(54).
13
Let x(n) = 14*n - 227. Give x(12).
-59
Let n(s) = 89*s - 453. Give n(6).
81
Let a(i) = i**2 + 43*i - 324. What is a(7)?
26
Let o(j) = -26*j**2 + 55*j - 4. Determine o(2).
2
Let v(f) = -f**3 + 261*f**2 + 115*f - 30019. What is v(261)?
-4
Let g(b) = 2*b**3 + 20*b**2 - 27*b - 30. Give g(-11).
25
Let k(b) = b**3 + 19*b**2 - 45*b + 5. Determine k(2).
-1
Let y(h) = -h**2 + 256*h + 511. Determine y(-2).
-5
Let j(w) = w**3 + 13*w**2 + 16*w + 218. Give j(-13).
10
Let v(b) = b**3 + 2*b**2 - 15*b - 9. What is v(-5)?
-9
Let x(g) = 108*g - 6450. Determine x(60).
30
Let f(i) = 33*i**2 - 7*i + 9. Give f(-5).
869
Let d(a) = -222*a + 1323. Determine d(6).
-9
Let i(w) = w**2 + 76*w + 1042. What is i(-18)?
-2
Let j(u) = -2*u**2 + 4*u + 135. Give j(-14).
-313
Let x(p) = 306*p**2 + 6122*p + 33. What is x(-20)?
-7
Let p(o) = -o**3 + 24*o**2 + 182*o + 6. What is p(-6)?
-6
Let z(n) = -n**3 + 7*n**2 - 4*n + 11. What is z(6)?
23
Let l(s) = -48*s + 3503. Give l(72).
47
Let a(n) = -n**3 - 39*n**2 + 100*n + 743. Determine a(-41).
5
Let r(h) = -107*h - 11124. Calculate r(-104).
4
Let h(d) = -15*d + 755. Calculate h(48).
35
Let v(q) = q + 45. Calculate v(-11).
34
Let c(p) = -10*p**2 + 18*p - 53. Calculate c(5).
-213
Let b(n) = 2*n**3 + 5*n**2 + 90*n + 275. What is b(-3)?
-4
Let p(q) = -9*q**2 - 94*q - 144. Give p(-7).
73
Let o(d) = -85*d - 100. Calculate o(-3).
155
Let t(d) = 15*d - 82. What is t(0)?
-82
Let m(i) = 62*i + 4147. What is m(-67)?
-7
Let z(v) = -14*v**3 + 461*v**2 + 9*v + 801. What is z(33)?
9
Let h(a) = a**2 + 2*a - 64. Give h(0).
-64
Let w(p) = -1744*p - 13943. Calculate w(-8).
9
Let n(i) = 66*i - 715. Determine n(11).
11
Let b(m) = -m**3 + 51*m**2 - 93*m + 2211. Calculate b(50).
61
Let n(x) = -x**3 + 8*x**2 - 10*x - 26. Calculate n(7).
-47
Let j(h) = -13*h - 123. Give j(12).
-279
Let d(n) = 8*n - 407. What is d(18)?
-263
Let u(f) = -5994*f - 47953. Calculate u(-8).
-1
Let a(u) = u**3 - 368*u**2 - 2243*u + 13. Calculate a(-6).
7
Let t(m) = -m**2 - 17*m + 2682. What is t(44)?
-2
Let x(p) = -11*p**3 - 10*p**2 - 9*p - 3. Determine x(-3).
231
Let r(v) = -406*v + 423. What is r(1)?
17
Let h(d) = 51*d - 603. Determine h(18).
315
Let v(f) = 2428*f + 4834. Give v(-2).
-22
Let a(z) = -2*z**3 + 34*z**2 - 5*z + 80. Calculate a(17).
-5
Let f(m) = 5*m + 32. Determine f(-13).
-33
Let u(h) = h**3 + h**2 - h - 13. Determine u(0).
-13
Let b(d) = -d**3 + 4*d**2 - 9*d - 1. Give b(6).
-127
Let v(k) = -k**3 - 28*k**2 - 28*k - 38. What is v(-27)?
-11
Let a(h) = -h**3 + 52*h**2 + 53*h - 5. Determine a(53).
-5
Let z(a) = 182*a - 3096. Calculate z(17).
-2
Let o(d) = -7*d**2 - 3. Give o(-4).
-115
Let r(q) = 317*q + 3464. What is r(-11)?
-23
Let x(d) = -10*d**3 - 71*d**2 - 6*d + 5. Determine x(-7).
-2
Let s(z) = 150*z + 4350. Give s(-29).
0
Let d(g) = -152*g + 924. Give d(7).
-140
Let z(k) = 980*k + 7832. What is z(-8)?
-8
Let g(q) = 330*q - 2395. Calculate g(7).
-85
Let b(x) = -2*x**2 + 136*x - 1443. Give b(11).
-189
Let k(t) = -t**3 - 27*t**2 - 6*t + 23. Give k(-27).
185
Let z(j) = -7*j**3 + 51*j**2 - 40*j + 643. Determine z(8).
3
Let i(y) = -11*y**2 + 4*y + 67. Calculate i(-5).
-228
Let d(b) = 86*b + 525. What is d(-7)?
-77
Let s(x) = x**3 - 56*x**2 - 57*x + 480. Calculate s(57).
480
Let x(m) = -m**2 - 46*m - 547. What is x(-30)?
-67
Let h(w) = -214*w**2 + 13*w - 20. What is h(2)?
-850
Let s(w) = 9*w**2 - 37*w - 247. Give s(-5).
163
Let t(n) = -n**3 - 10*n**2 - 8*n - 24. What is t(-9)?
-33
Let w(c) = -3*c**3 + 280*c**2 - 107*c + 1300. Calculate w(93).
-2
Let y(q) = 5*q**2 - 83*q - 138. Calculate y(18).
-12
Let p(k) = -k**3 - 12*k**2 + 3*k + 36. What is p(-12)?
0
Let t(o) = 2*o**2 - 22*o + 57. What is t(5)?
-3
Let b(l) = l**3 + 59*l**2 + 93*l - 58. Give b(-2).
-16
Let v(y) = 8*y**2 - 40*y - 17. Determine v(-4).
271
Let d(z) = -z**3 + 11*z**2 - 8*z + 101. Calculate d(10).
121
Let z(q) = q**3 + q**2 + q + 50. Determine z(0).
50
Let t(j) = -8*j**2 - 126*j - 92. What is t(-23)?
-1426
Let y(i) = -38*i - 2728. What is y(-71)?
-30
Let f(i) = -11*i - 687. Calculate f(-60).
-27
Let r(t) = 28*t**2 - 1337*t - 331. Give r(48).
5
Let n(k) = k**3 - 6*k**2 + 46*k + 351. Calculate n(-4).
7
Let p(j) = 2*j**3 + 18*j**2 - 27*j - 100. What is p(-5)?
235
Let m(v) = -v**3 - 94*v**2 - 252*v + 1903. Give m(-91).
-8
Let l(t) = t**3 - 14*t**2 + 6*t - 6. Determine l(14).
78
Let y(o) = -o**3 - 17*o**2 + 2*o + 477. Determine y(-15).
-3
Let r(a) = a**2 + 71*a + 725. Determine r(-59).
17
Let n(u) = -u**3 - 11*u**2 + 2*u + 26. Calculate n(-11).
4
Let p(b) = -4*b**3 - 115*b**2 - 200*b - 300. Determine p(-27).
-3
Let z(p) = 46*p - 335. Determine z(6).
-59
Let m(j) = -3715*j - 7426. What is m(-2)?
4
Let n(z) = -z**3 - 82*z**2 - 712*z + 77. Give n(-10).
-3
Let y(h) = -9*h - 551. Calculate y(-65).
34
Let j(f) = -f**2 + 24*f + 11. Determine j(-3).
-70
Let d(w) = -465*w + 1868. Determine d(4).
8
Let c(f) = 7*f**2 + 232*f - 1001. Give c(-37).
-2
Let y(g) = -2883*g - 8637. Determine y(-3).
12
Let q(t) = -t**3 - 3*t**2 - 91*t - 184. What is q(-2)?
-6
Let p(f) = -1129*f + 30535. Give p(27).
52
Let n(u) = -u**2 - 28*u + 5. Give n(-3).
80
Let z(f) = f**3 + 19*f**2 + 58*f + 40. Give z(-15).
70
Let h(i) = i**3 - 4*i**2 - 7*i + 21. What is h(5)?
11
Let m(d) = d**3 - 30*d**2 + 205*d + 67. Calculate m(11).
23
Let p(m) = -2*m**3 - 551*m**2 - 281*m - 1648. Calculate p(-275).
2
Let t(z) = 14*z**2 + 524*z - 73. Give t(-38).
231
Let k(d) = d**2 + 48*d + 492. Determine k(-16).
-20
Let w(j) = j**2 + 107*j - 2581. Determine w(20).
-41
Let h(l) = 2*l**2 - 41*l + 137. Determ